 the third derivative of v**6/120 + v**5/30 + v**4/8 - v**3/3 - 3*v**2 - 3. Determine t(-3).
-20
Let r(h) be the third derivative of 13*h**6/120 + h**5/60 + h**4/12 - h**3/3 + 493*h**2. Determine r(1).
14
Let u(d) = 3*d**2 - 31*d - 23. Let g(y) = -y**2 + 15*y + 12. Let f(n) = 5*g(n) + 2*u(n). Let q be f(-12). Let i(h) = 55*h - 50*h + 3 + 3 - h**q. What is i(5)?
6
Let c(u) = -2*u - 11. Suppose 557 - 189 = -46*m. Determine c(m).
5
Let u(j) be the third derivative of 17*j**6/120 + j**5/60 - 74*j**2. Calculate u(-1).
-16
Let h be (1*(1 + 1))/(-1). Let w(y) = -3*y**3 - y**2 + 3*y + 7. Let q(f) = -f**2 - 4 + 0 + 3*f**3 + 2*f**2 - 2*f - f**3. Let d(i) = 5*q(i) + 3*w(i). Give d(h).
3
Suppose 2*c - 424 = -2*k, -31 = 3*c - 4*k - 639. Suppose -2*q + 0*q - 18 = 0. Let v be c/(-36) - (-2)/q. Let o(b) = b + 9. What is o(v)?
3
Let c(f) = f + 10. Let r be c(-7). Suppose 0 = 2*m + 5*j - j - 22, 2*m + 5*j = 26. Let i(h) = -2*h**m + h**3 + 45 - 44 + 4*h**2. Give i(r).
10
Let d(x) = -x**3 + 5*x**2 + 7*x - 4. Suppose 0 = 4*b - 8 - 4. Suppose b*h - 37 + 19 = 0. Give d(h).
2
Let i(r) = -r + r**2 + 0*r**2 + 2*r**2. Let o = -3372 - -3373. Give i(o).
2
Suppose 0 = 7*x - 11*x + 4. Let o(u) = -u. Let v(q) = q + 1. Let t(b) = -2*o(b) - v(b). Calculate t(x).
0
Let r be (3*4 - 2) + (-32 - -28). Let p(b) = b - 17. Calculate p(r).
-11
Let v(k) = -4*k - 4. Let y be (1/(-2))/((-33)/330). What is v(y)?
-24
Let f(m) be the first derivative of m**5/20 - m**4/4 + 2*m**3/3 - 2*m**2 - 2*m - 1. Let c(q) be the first derivative of f(q). Calculate c(3).
8
Let r = -20 - -24. Let s be 9*1*10/15. Let u(c) = 0*c**2 + s*c - c**2 - 1 + 0. Determine u(r).
7
Suppose 5*c - 14 = -4. Let u(y) = c - 6 + 15*y + y**2 - 11*y. Give u(-6).
8
Suppose -73*i - 171 - 287 = -20. Let b(d) = 2*d + 6*d**2 + d**3 + 0*d + 0*d - 3. Determine b(i).
-15
Let m(q) = -q + 7. Suppose 4*g = 13 - 1. Suppose 0 = -a + 4*o + 4, 0 = -3*a + 6*o - 3*o + g. Give m(a).
7
Let c(s) be the third derivative of s**5/12 + s**4/8 + s**3/3 - 6*s**2 - 16*s. Let n be (1 + -2)/((-5)/(-10)). What is c(n)?
16
Let u(i) be the second derivative of -i**4/12 + 4*i**3/3 + i**2 - 183*i. What is u(9)?
-7
Let a(i) be the first derivative of i**6/120 - 7*i**5/60 - i**4/12 - 53*i**2/2 - 16. Let j(m) be the second derivative of a(m). Give j(7).
-14
Let r(l) be the third derivative of l**5/60 + l**4/4 + l**3/2 - l**2. Suppose 3*q = 7*q - 304. Let b = 74 - q. Determine r(b).
-5
Let t(c) = -c**3 - c**2 - c + 2. Let m(u) = u**3 - 6*u**2 - 14*u - 16. Let h be m(8). Determine t(h).
2
Let g(l) = l**2 - 15 + 19 - 6 + l**2 + 6*l. Give g(-6).
34
Suppose 3*u - 4*w = 135, -5*u + 2*w + 225 = 5*w. Let q(t) = -3 + 1 + u*t - 46*t + 0. Give q(-2).
0
Suppose -7*g + 5*g - 10 = 0. Let j(i) = 3*i**2 - 5*i + 3*i**2 - 3*i**2 - 39 + 24. Let r(a) = -a**2 + 2*a + 5. Let w(b) = 6*j(b) + 17*r(b). Determine w(g).
0
Let u(v) = -6*v + 18. Suppose 4*k = -2*h - 12, 0 = 156*h - 152*h - k - 21. Determine u(h).
-6
Let h be 0/(-8) - (-2 + -7*1). Let m(j) = 0*j - h + 9*j - 6*j. What is m(6)?
9
Let b(z) = z - 10. Let d = -211 + 211. Calculate b(d).
-10
Let z(t) = 4*t**3 - 5*t**2 - 3 + 0 + 2 - 4*t**3 + t**3. Determine z(6).
35
Let k(n) be the third derivative of -n**6/120 + n**5/10 - n**4/4 - n**3/6 + 9*n**2. Let o = -13 + 2. Let a = o - -16. Calculate k(a).
-6
Let h(n) = -n**2 - 5*n + 7. Let a be h(-6). Let x(y) be the third derivative of -1/6*y**3 + 1/24*y**4 + 3*y**2 + 0 + 0*y. What is x(a)?
0
Let m(p) = p**2 + 12*p - 1. Suppose 4*i - d + 20 = 0, 4*d + 18 + 22 = -4*i. Give m(i).
-37
Let s be -5 + (-2)/(8/(-12)). Let n be s/(-4) - 45/(-18). Suppose 4*p - n = 3*p. Let u(w) = -w + 3. Calculate u(p).
0
Suppose -24 = -4*q + 4*h, 2*q + 4*h = -11 - 1. Let m(t) be the second derivative of 0 - 1/6*t**3 - 12*t - 11/2*t**q. Determine m(-7).
-4
Let l(j) = 2*j + 13. Let a be ((-7)/(-2))/(3/(-6)). Let k be l(a). Let f(n) = -2*n - 10. Let t(w) = w. Let q(m) = k*f(m) - 3*t(m). What is q(0)?
10
Suppose 2*k = 2*r - 11 + 3, 0 = 4*r - 8. Let m(f) = f - 1. Suppose 0 = -0*s + 4*s - 12. Let x(w) = 2*w + 6. Let g(y) = s*m(y) + x(y). Determine g(k).
-7
Let s = 195 - 197. Let f(o) = -4*o**2 + 2*o + 3. Calculate f(s).
-17
Let a(g) = 5*g - 1. Let y(c) = -c - 1. Let m(s) = -s**2 + 10*s + 3. Let z(q) = m(q) + 4*y(q). Let w(n) = 3*a(n) - 2*z(n). Calculate w(-3).
8
Suppose 5*k = -0*k, -h = -4*k + 7. Suppose -6*c + c = l - 39, 0 = 5*c + 4*l - 36. Let x(f) = 12 + c + f - 18. Determine x(h).
-5
Let w(h) = -h**2 + 2*h. Let l(o) = 11*o**2 + 5*o + 4. Let i be l(-1). Let m = 12 - i. Determine w(m).
0
Let c(g) be the second derivative of g**4/12 - 3*g**3/2 - 3*g**2 + 4*g + 3. Calculate c(8).
-14
Let l(q) = -q**2 + 2*q + 2. Suppose 45 = 11*c + 4*c. Give l(c).
-1
Let d(q) be the third derivative of -q**4/24 + q**3 - 66*q**2. What is d(6)?
0
Let b(m) be the second derivative of -m**5/20 + m**3/2 - m**2/2 + 77*m + 2. Suppose 5*j - 2*d = -0*d, 4*j - 3*d = -7. Give b(j).
-3
Let w(z) be the second derivative of z**5/60 - z**4/8 - z**3/2 + 2*z. Let q(n) be the second derivative of w(n). Let f be 5/(232/48 + -4). What is q(f)?
9
Let z(p) = p**2 - p - 3. Suppose -2*u + n + 6 = 0, -u - 6*n = -n + 8. Suppose -3*f = -4*l + 18, -4*l - u*f + 4 = -4. Determine z(l).
3
Let n = -39 + 42. Let y(f) = -12*f**n - 1 + 30*f**3 - 2*f - f**2 - 13*f**3. Calculate y(-1).
-5
Let y(r) = -r**2 - 2*r - 5. Let c = 3 + -3. Suppose 25 = -c*v - 5*v. What is y(v)?
-20
Let b(p) = p. Let j(s) = -4*s. Let m(t) = 5*b(t) + 3*j(t). Suppose 0 = -v - g - 4, -3*g - 16 = -v - 0*v. Determine m(v).
-7
Suppose 3*h + 6 = h. Let s be 372/54 - h/27. Let i(r) = 5*r - 11*r + s + 7*r. Determine i(-6).
1
Suppose 2 = 2*n - 5*i + 27, 3*i = n + 15. Suppose n = 3*j - 0*j. Let h(p) = p + 5. Determine h(j).
5
Suppose -19 = -10*p - 29. Let b(u) = 18*u + 1. Determine b(p).
-17
Let d(c) = 3*c - 2. Let u(x) = -2*x + 1. Let p(b) = -3*d(b) - 4*u(b). Let o be p(3). Let v(s) = -2*s**3 - 2*s**2 + 1. What is v(o)?
1
Let w(g) = 3*g + 18. Suppose -y + 2*s = 2*y + 40, 0 = -y - 2*s - 8. Determine w(y).
-18
Suppose -4*n + s + 11 = 0, -9*n + 6*n + 4*s = -18. Let r(x) = 4*x**3 - 2*x**2 + 3*x - 3. What is r(n)?
27
Let c(j) = -3 + 8 - 6 - j. Suppose 3*x - 19 = 5*v, 5*x + 3*v - 36 = 7*v. Suppose 3*k - 5*k - x = 0. Calculate c(k).
3
Let k be 1 + -3*(-4)/(-3). Let n be (-63)/(-6) - k/2. Suppose 3*r = -0*r + n. Let l(u) = -u**3 + 3*u**2 + 7*u - 6. Calculate l(r).
6
Let y(g) = -9*g. Suppose -2*k = 2*w + 2, -7 = 4*k - 19*w + 20*w. Determine y(k).
18
Let k(f) = 3*f - 1. Suppose 32*z = 20*z - 60. Let r(d) = -2*d + 1 - d + 2*d. Let v(s) = z*r(s) - 2*k(s). Determine v(-6).
3
Let s(z) be the first derivative of -z**2/2 + 5*z + 11. Let a be (144/27)/((-10)/(-15)). Calculate s(a).
-3
Let y(g) be the second derivative of g**3 + g**2 + 82*g. What is y(-5)?
-28
Let q(b) = b**2 + 2*b - 6. Suppose -2*r + 22 = 2*w + 4, 5*r - 5*w = -5. Suppose 0 = 2*u + 4*i - 10, r*i - 6*i = 5*u + 15. Give q(u).
9
Let d(o) = 6*o**3 - 2*o**2 + 9*o + 5. Let x = -128 + 133. Let w(h) = 5*h**3 - 3*h**2 + 8*h + 5. Let z(k) = x*w(k) - 4*d(k). Give z(6).
-7
Let d(p) = -14*p + 44 + 21*p + p**2 - 8*p - 29. Determine d(0).
15
Let m be 1*6*(75/18)/5. Let j(b) = -b**3 + 5*b**2 + 3*b - 7. Give j(m).
8
Let n(m) = -4*m + 3. Let t(a) = -7*a + 5. Let h(d) = 11*n(d) - 6*t(d). Suppose -59*y + 54*y = -45. Suppose y*j = 2 + 16. Give h(j).
-1
Let l(g) = -g + 368 + 3*g + 6*g**2 + 10*g**2 - 15*g**2 - 371. Let q = 3 + -4. Let u = q + 3. Determine l(u).
5
Let m(j) be the first derivative of -j**4/4 + 8*j**3/3 + 9*j**2/2 + j + 154. Determine m(9).
1
Let p(c) = -7*c - 2*c + 6 + 5*c + 5*c. Calculate p(-9).
-3
Let i(y) be the first derivative of -y**3/3 + 7*y**2/2 + 8*y - 105. Give i(7).
8
Suppose -2*f - f = -36. Suppose -j = 2*j - f. Let c(t) be the first derivative of t**3/3 - 3*t**2 + 5*t - 858. Determine c(j).
-3
Let z be 18/(-4)*12/(-18). Let n(v) = 5*v**2 + 3*v + 8. Let r(k) = -2*k - 1 + 4*k**2 - k + 6*k + 8. Let y(a) = -5*n(a) + 6*r(a). What is y(z)?
2
Suppose q + 3*d + 4 = d, 4*q + 5*d + 4 = 0. Let p(o) be the second derivative of -1/20*o**5 + 1/12*o**q + 0 - o**2 - 1/6*o**3 - 7*o. Calculate p(0).
-2
Let y(k) = k**2 - 5*k + 1. Suppose 6*a = -a. Suppose -1 = n - 2*p - 10, a = -n - p. Calculate y(n).
-5
Let g(b) be the third derivative of -b**6/120 + b**5/12 + 5*b*